3
Let i be 7 - (1 + 1/1). Suppose 15*h - 567 = -72. Suppose -n = 4*n - 4*u - h, n = -5*u - i. What is the units digit of n?
5
Let i(o) be the first derivative of -o**3/3 + 7*o**2 - 9*o + 9. Let p be 6/(-10) - (-58)/5. What is the tens digit of i(p)?
2
Suppose -2*d + 2 = -2. Suppose -d*l + 4*l - 4 = 0. What is the tens digit of l/11 + 3051/99?
3
Let z = 330 - 246. What is the tens digit of z?
8
Suppose -2*d + 6472 = -4*z, -46*d + 5*z = -41*d - 16180. What is the units digit of d?
6
Let h = -101 + 152. What is the units digit of h?
1
Let a(o) = 14*o - 8. Let h be (-6)/(-10) + (-304)/40. Let q be a(h). Let k = q - -166. What is the units digit of k?
0
Let o be (6/5)/((-8)/(-20)). Suppose o = 11*j - 10*j. Suppose 2*t + m = -j*m + 30, 0 = -4*t + m + 15. What is the units digit of t?
5
Let k(h) = 52*h**3 + 2*h - 2. What is the units digit of k(2)?
8
Suppose -282*h + 6 = -279*h. Suppose l = -4, -w + 1 - 2 = 2*l. Let c = w + h. What is the units digit of c?
9
Let z = 3024 + -1911. What is the tens digit of z?
1
Suppose -l = -3*s - 4472, -s - 20080 = -4*l - 2192. What is the thousands digit of l?
4
Let q(d) = d + 34. Let c be q(-6). What is the tens digit of 10/(4/c - 0)?
7
Let v(s) = 10*s - 1. Let q be (-9)/12 + (465/(-20))/(-3). What is the tens digit of v(q)?
6
Suppose 0 = 142*y - 141*y - 1279. What is the units digit of y?
9
Let r = 131 + -225. Let s = r - -208. Let b = s + -55. What is the tens digit of b?
5
Let z be (-56)/(-10) - 8/(-20). Suppose 20 = -z*v + 11*v. Suppose -2*u + v + 0 = 0. What is the units digit of u?
2
Let r be 113 - -2 - (-1 - -1). Let v(o) = o**2 + 6*o - 43. Let b be v(-11). Suppose -b*d + r = -7*d. What is the tens digit of d?
2
Suppose -2*c - 1530 = -2*j, 2*j = -j + c + 2303. What is the hundreds digit of j?
7
Let j be 7/(-14) + 261/6. Let l = 54 - j. What is the tens digit of l?
1
Suppose 15*g - 7053 = 207. What is the units digit of g?
4
Let g(j) = -j**3 - 10*j**2 - 10*j - 6. Let x be g(-9). Suppose -344 = -x*b - 4*q, 6*q - q + 260 = 2*b. What is the units digit of ((-6)/5)/((-16)/b)?
9
Let d(r) = -r + 3. Let a be d(1). Let y(w) = 2*w**2 - w - 1. Let g be y(a). Suppose 0 = -u + 2*u + 4*x - 5, 3*u - g*x - 66 = 0. What is the tens digit of u?
1
Let t = -12 - -24. Let z be (4 + -1 + t)/1. Suppose 4*o = z + 5, -9 = -2*b - o. What is the units digit of b?
2
Suppose 4*a = 5*g, g + 0*g = -3*a + 19. Let t = -5 + a. Suppose -26 = -2*z - t*z. What is the units digit of z?
3
Suppose 5530 = 22*u - 17*u - 5*c, -u + 5*c + 1126 = 0. What is the hundreds digit of u?
1
Suppose -2 - 6 = 2*n. What is the tens digit of 190/6 + (-30)/(-9) + n?
3
Let j be -7 + (2 + 14)/(-4). Let k = j + 24. Let i = k - -43. What is the tens digit of i?
5
Let a(x) = 2*x**2 - 18*x + 4. Let s be a(8). What is the units digit of 46 - s/(0 - 3)?
2
Let k(l) = -l - 9. Let m = -6 + -8. Let u be k(m). Suppose -u*f = p - f, 5*p - 38 = -f. What is the units digit of p?
8
Let w(f) be the first derivative of 2*f**2 - 10*f + 3 - 3*f + 9*f. What is the units digit of w(13)?
8
Let r = 6 + 9. What is the tens digit of r?
1
Suppose y + 4*t = -4, -5*y + 5*t = -2 - 3. Suppose 5*x - 2*q + 7*q - 190 = y, 3*x - 5*q - 146 = 0. What is the units digit of x?
2
Let p(c) = 3*c**2 - 8*c + 20. What is the tens digit of p(-9)?
3
Let a be -2 + (-232)/(-4) + -2. Let i = a + 7. What is the tens digit of i?
6
Let n(x) = x**3 - 7*x**2 + 6*x. Let g be n(6). Suppose -11*l + 5*l + 192 = g. Suppose -10 = -z - 4*s, 3*z - l = z + 4*s. What is the units digit of z?
4
Let s = 5415 + -876. What is the thousands digit of s?
4
Suppose 2*l - 8 = z, -3*z - 4*l = 53 + 21. What is the tens digit of 11*z*(-2)/3?
3
Let o(i) = 7*i - 4. Let u be o(6). Suppose v = 3*v - u. What is the units digit of v?
9
Let j(v) = -25*v - 7 - 4*v**2 + 0*v**2 + 6*v + v**3. What is the units digit of j(7)?
7
Let k(w) = -11*w + 35*w - 7*w - 15. Let q(i) = -51*i + 45. Let h(l) = -8*k(l) - 3*q(l). What is the units digit of h(5)?
0
Let x = 13 - 3. Suppose 0 = 4*w + x - 26. Suppose -5*l + 24 = w*v - l, -3*v + l = 2. What is the units digit of v?
1
Let q = 8 + -6. Suppose -5*z = -5*u - 5, -z + q*z = -5*u + 25. Suppose 3*l = u*l - 43. What is the tens digit of l?
4
Let q(i) = 7*i + 2. Let f be q(13). Let r = f - 57. What is the tens digit of r?
3
Suppose 0 = -3*a - f - 50 - 48, 0 = -4*a + 2*f - 124. Let o = a + 59. What is the tens digit of o?
2
Let r(s) = -100*s - 4. Let g be r(-4). Let i(w) = -w + 2. Let t be i(5). What is the tens digit of (1/t)/((-6)/g)?
2
Suppose 4*u = j - 11, 3*u + 72 = 2*j + 3*j. Suppose j*x = 14*x + 31. What is the units digit of x?
1
Suppose -3*o = -9, 16 = 4*h - 2*h - 4*o. Let q = h + -9. Suppose -2*z = -4*z + q*b + 5, 2*b + 35 = 3*z. What is the units digit of z?
5
Let l(a) = 107*a**3 - 2*a**2 - a + 2. Let d be l(1). Let n = d - 51. What is the tens digit of n?
5
Let v = -804 + 1393. What is the hundreds digit of v?
5
Let u(m) = -8*m - m - 9*m - 6 - m. What is the hundreds digit of u(-7)?
1
Let z(s) = 8 - 25 + 23*s - 13*s. What is the tens digit of z(5)?
3
Let q = -19 + 42. Let m = q + -15. Suppose -v = 2*s - m - 3, 0 = 4*s - v - 25. What is the units digit of s?
6
Let p = -28 + 187. Suppose 4*v - 461 = p. What is the tens digit of v?
5
Let s(w) = w**2 - 1. Let y be s(5). Let v be (-126)/4 - (-36)/y. What is the tens digit of (-32)/6*v/8?
2
Let v = 25 + -21. Let z = 10 - v. Suppose -4*r + 270 = -2*j, 5*j - 330 = r - z*r. What is the tens digit of r?
6
Suppose -2*n = 3*n - 1120. Let s = n + -112. What is the tens digit of s?
1
Let l(h) = -5*h**2 + 108*h - 44. What is the units digit of l(17)?
7
Suppose 0 = 3*n - 0*n + 4*l - 3963, -3*l - 2625 = -2*n. What is the tens digit of n?
1
Let d = 29 + 65. What is the units digit of d?
4
Suppose 77*y = 79*y + 4. Let v(k) = 35*k**2 - 1. What is the hundreds digit of v(y)?
1
Let t = -7 - -12. Suppose -7*g + 44 = -t*g. What is the units digit of g?
2
What is the tens digit of (93772/(-595))/((-4)/70)?
5
Let p(l) be the second derivative of 17*l**3/2 + 9*l. What is the tens digit of p(1)?
5
Let u(r) = -10*r**3 - 7*r**2 + r - 12. What is the units digit of u(-4)?
2
Suppose -710*v + 5238 = -707*v. What is the tens digit of v?
4
Let t(c) = -c**3 + c**2 + 3*c + 5. Let s be t(0). Let j = s - 4. What is the units digit of j?
1
Let z(u) = 16*u**3 - 8*u + 14. What is the units digit of z(5)?
4
What is the hundreds digit of (-52)/(-5)*(-231)/(-14)*15?
5
Suppose 161*t = 162*t - 705. What is the tens digit of t?
0
Suppose -5*s = -9 - 6. What is the tens digit of (s + 3)/(9/84)?
5
Let q(k) = -k**3 + 8*k**2 + 8*k - 3. Let s be q(7). Suppose -2*f = -2*i - s, 26 = 2*f + 5*i - 48. Let z = -29 + f. What is the units digit of z?
8
Let i(v) = -8*v - 2. Let w be i(-5). Let r = w - 21. What is the units digit of r?
7
Suppose -2*q = -5*g - 2040, g - 3*q - 2*q = -385. Let t be 4/(-14) + g/(-14). Suppose -r - 5*j + t = r, -3*j = -5*r + 88. What is the tens digit of r?
1
Let i = 1746 - 1522. What is the hundreds digit of i?
2
Let o(r) = -r**3 + 5*r**2. Let u be o(5). Let n(h) = u*h + 0*h - 2*h - 1 + 4. What is the units digit of n(-11)?
5
Suppose 0 = 5*s + 5*b - 825, 658 = 4*s + b + b. Suppose -n = -0*n - s. Suppose -d - 2*d - n = -2*o, 2*o - 164 = -2*d. What is the units digit of o?
2
Suppose -63*s = -60*s - 3795. What is the hundreds digit of s?
2
Let x be 0/(1 - (4 - 0)). Suppose 3*h - 226 = -s, x*h = 4*h - s - 306. What is the units digit of h?
6
Let d = -5 + 23. Suppose -3*f + 3 + d = 0. Suppose x + g - 5 = 0, 4*g + f = -x - 0*x. What is the units digit of x?
9
Let n = -20 + 29. Suppose -n*k = -6*k + 129. Let x = 17 - k. What is the units digit of x?
0
Suppose 2*m - n - 92 = n, -2*n = 0. Suppose -2*u - m + 6 = 0. What is the units digit of u/30 + (-46)/(-6)?
7
Let p = 25 + -7. Suppose f = -2*f + p. What is the units digit of (4/(-12))/((-1)/f)?
2
Suppose 2*v - 4*i = 596, -5*v + 1615 = 5*i + 200. Suppose 2*u + 58 = v. What is the hundreds digit of u?
1
Suppose -3*i + i + 6 = 0. Suppose -18 = 2*t - 4*y - 2, 3*t - i*y = -15. Let p(r) = -20*r - 4. What is the tens digit of p(t)?
3
Suppose 0 = -6*p - 254 - 436. Let x = 272 + p. What is the units digit of x?
7
Suppose 16*d - 11871 = 20993. What is the thousands digit of d?
2
What is the units digit of 1 + 514*3 + (22 - 17)?
8
Let o be (-20)/(-6) 